+ 4 + -2 - 3 - 1
-5
What is 0 - (2 + (-7 - (-7 - -5)))?
3
-8 + -1 + (3 - (5 + -5))
-6
What is -15 + 13 - (-5 + 1) - 3?
-1
Evaluate -1 + 4 + -2 - -3.
4
What is the value of -4 - (-3 - -2 - 2)?
-1
Calculate -6 - (2 + 1 + 1 + -6).
-4
Calculate 4 + -2 + (9 - 7).
4
What is the value of -1 - 5 - (-70 - -65)?
-1
What is -18 - -3 - (-10 - -2)?
-7
Calculate -10 - -8 - (1 + -3).
0
What is -5 + 0 + 0 + 12 + -3?
4
What is (30 - 31) + -1 + -1?
-3
(3 + 4 - (4 - 1)) + 0
4
Evaluate (3 - (7 - 1)) + 9.
6
-2 + 4 + 0 + -1
1
Evaluate -7 + (6 - 4) + -5 + 7.
-3
5 + (-3 - -4) + -10
-4
What is 9 + -3 + -3 - (-2 - -1)?
4
What is -1 - -2 - (9 + (-18 - -5))?
5
What is the value of 2 + (-1 + -3 + 1 - 3)?
-4
Evaluate -13 - -8 - (2 - 7).
0
What is the value of -5 + (5 - (-1 - -4)) + -3?
-6
Calculate -1 - -1 - -1 - (1 - 3).
3
-6 - (-9 - -10 - 6)
-1
What is 12 - (8 - -3 - 4)?
5
5 - 0 - 2 - -2
5
What is (-11 - (-16 + 0)) + -13?
-8
What is the value of -2 + 11 - 11 - (0 + -2)?
0
What is -1 + (4 - (-4 + 5))?
2
(-11 - -11) + -4 + 3
-1
What is the value of 27 + 28 + -50 + -1 + -15?
-11
Calculate 7 - (-4 + 2 - -14).
-5
Evaluate 0 + 6 + (-5 + 6 - 3).
4
Evaluate (3 - -2) + -4 + 2.
3
Evaluate 16 + -19 - (1 - 1).
-3
Evaluate (-14 - 0) + -5 + (5 - -6).
-8
Calculate 9 + (-3 - -1) - 2.
5
What is the value of 1 - (0 - (-2 + 4))?
3
Evaluate 2 + 2 + -9 + 10.
5
Evaluate 8 + (-1 - (-3 + 12)).
-2
Evaluate -2 - ((5 - (-6 + 6)) + 2).
-9
What is the value of -4 + -8 + 5 - -5?
-2
5 + -6 + -1 + 14 - 5
7
What is 3 - (3 + -1 + -2)?
3
9 + -1 + -13 + 12
7
-1 - -3 - 4 - (0 + -3)
1
What is -23 + 31 - (0 - -3 - -3)?
2
What is the value of -3 + 2 - (2 + (1 - 9))?
5
1 + 10 + (-1 - -5 - 9)
6
What is the value of 1 - (-4 - 0 - (6 + -11))?
0
Calculate 10 + (-8 - -13 - 11).
4
Calculate 2 + (-1 - 6) + 2 + -1.
-4
What is the value of -1 - -6 - ((3 - -16) + -4)?
-10
Calculate 4 + (-2 - 3) + 2 + 3.
4
What is the value of (49 - 32) + -12 + 1?
6
(15 - 15) + -3 + -2 + 5
0
What is the value of (-7 - -8) + (4 - (7 - -2))?
-4
Evaluate 3 + (-9 - (1 + -8)).
1
What is 7 - (-5 + 5 + (5 - 1))?
3
What is the value of -4 - (0 - (1 - 4 - -11))?
4
What is the value of 2 + -3 + 12 - (17 + -14)?
8
What is the value of 1 + -1 + (0 - -2) + -7?
-5
What is the value of (-2 + 1 - -2) + 45 + -51?
-5
Evaluate 8 - (4 + (12 - 1)).
-7
What is the value of 1 + 0 + -1 + 2?
2
Calculate -3 - -1 - ((-4 - -2) + 1).
-1
3 + -10 + 3 + 4
0
Evaluate 0 - 6 - (1 - 5).
-2
What is the value of -3 + 2 - (-1 + -12 + 8)?
4
Evaluate 3 - 1 - ((-1 - 10) + 8).
5
(3 - 5) + 5 - 4 - -4
3
What is 39 + -51 + (1 - -9)?
-2
What is the value of -3 + (-5 - (-8 + 5))?
-5
Calculate (-1 - 0 - 2) + 4.
1
What is the value of -1 + 9 + -1 - 1?
6
(33 - 19 - 7) + 1 + -2
6
Calculate 8 + -11 + -11 - -7.
-7
What is the value of 10 + (-5 - (1 - 3))?
7
What is the value of 23 + -26 - (-4 - -2 - 2)?
1
What is 0 + (4 - (-1 + -2))?
7
Calculate 4 - 1 - (-6 - -5) - -6.
10
Calculate 8 - (3 - (-3 - -3)).
5
Evaluate 17 - (2 + 6 - -3).
6
What is the value of 6 + (-3 - (-3 - -3))?
3
4 + 0 - (144 - 142)
2
What is -11 + 5 + 2 - -6 - 9?
-7
Calculate 5 - 1 - ((8 - 14) + 6).
4
(-61 - -63) + (-1 - 6)
-5
Calculate -1 - (6 + (1 - -6 - 11)).
-3
What is the value of 0 + (3 + -6 - (0 - 8))?
5
What is 7 - 8 - (4 - (4 + -3))?
-4
What is -4 + 1 + 6 + 4 + -7?
0
What is the value of (4 - -2) + -12 - -7 - -1?
2
Calculate -5 - (3 + -9 - (-4 - -1)).
-2
Evaluate 3 - (17 - 9 - (0 - -1)).
-4
Evaluate (-11 - -1) + 7 - (-5 - -1).
1
Evaluate 1 - 3 - (1 + (-6 - -5)).
-2
What is -7 - ((11 - 5) + -10) - 3?
-6
Evaluate (2 - 6) + -2 - -6.
0
Calculate (7 - (5 - 3)) + (-14 - -5).
-4
4 + (-6 + 5 - (2 - 4))
5
What is -3 - (-2 - (8 + -4)) - 6?
-3
Evaluate 0 + (-1 - ((4 - 0) + -1)).
-4
What is -6 - (1 + -12 + -4 + 12)?
-3
-9 + (9 + -6 - 4)
-10
-5 - (-8 + 10 - 7)
0
9 + -11 + (-9 - -13)
2
Calculate -1 + -4 - (10 - -8 - 13).
-10
Calculate (-2 - -8) + -11 - -4.
-1
Calculate (-2 - 5) + (-2 - (0 - 5)).
-4
4 - 0 - (2 + (-6 - -4))
4
What is the value of (-3 - 0) + -3 - (0 + -2)?
-4
-10 - (-4 + 5 - 4)
-7
3 + ((0 - 8) + 5 - -5)
5
What is -2 - (0 - (-3 - -6 - 4))?
-3
What is the value of 5 + 0 + -5 + 4?
4
Calculate -9 + 1 - (-6 + 0).
-2
What is the value of (24 + -18 - 12) + 0 + 5?
-1
Evaluate (-2 - (-5 + 1 - -4)) + 10.
8
What is 6 - 0 - (10 + -9)?
5
Evaluate (13 - 16) + (1 - -2).
0
What is the value of (4 - 0 - 1) + -7 - -8?
4
6 - 0 - (-1 - -9)
-2
Evaluate 8 + 1 - (7 + 5).
-3
What is (-14 - (-15 - -10)) + 10?
1
What is 2 + -1 - -3 - (-5 + 4)?
5
What is -4 + -4 + 4 - 0?
-4
What is the value of -2 - (2 + -3 - (4 + -7))?
-4
What is the value of 62 + -65 + 2 + 9?
8
Calculate -1 + (1 - -1) - (194 - 194).
1
Calculate 0 + -1 - (-7 + (3 - -1)).
2
Evaluate 1 - (7 - (-1 - -5)).
-2
What is the value of -7 - (-9 - (-2 + -4))?
-4
Evaluate -4 - (11 + -8) - 0 - -18.
11
What is -16 + 17 - (1 + -1)?
1
Calculate 3 + -2 - (-1 + (2 - -3)).
-3
-4 + (1 + -4 + 7 - 2)
-2
What is the value of 4 + 0 + -5 + 2?
1
What is the value of -4 + 0 - (7 + -3 - 9)?
1
Evaluate (2 - (-7 - -2)) + -2 + -1.
4
What is -2 + 4 + 5 + -4 + -3?
0
Calculate -3 + (3 - 2) + 4.
2
What is (2 - -5) + 11 + -12 + 0?
6
What is 2 - 0 - (-7 + 11 + -1)?
-1
What is the value of (5 - 2 - -2) + -3?
2
What is -5 + -1 + (-28 - -31)?
-3
(-5 - 5) + (-3 - -6) + 11
4
23 + -22 + (-7 - -1)
-5
What is the value of 5 - (-4 - -5) - 5?
-1
What is the value of -3 - (4 + -4 - 7)?
4
Calculate (1 - 7) + (23 - 20).
-3
1 + 3 - (3 + -6 + 2)
5
-2 - (4 + -1 + (-5 - 1))
1
Calculate -11 + (-6 - (-5 + -9)).
-3
What is 4 - 0 - (-7 + (6 - -10))?
-5
Calculate (-1 - -3) + (-16 - -19) + -1.
4
3 - (8 - (11 - -1))
7
Evaluate -5 - (4 + (-1 + -3 - 1)).
-4
11 + -7 + -4 - 5
-5
Evaluate 4 - (2 - (1 + 2)).
5
What is the value of -3 - -3 - 1 - (1 + 0)?
-2
0 - 8 - (-4 + 2)
-6
What is the value of 3 - 3 - 7 - (-15 - -11)?
-3
What is 2 + -7 + 1 + 8 + -3?
1
-3 - (-2 - (0 + 4))
3
-3 - (2 - 6 - -1) - 2
-2
What is -5 + 4 - (0 - 2)?
1
What is 1 + -1 + (-6 + -1 - -3)?
-4
What is the value of (19 - (26 - 11)) + 0 + 0?
4
Calculate (5 - (6 + 5)) + 1.
-5
-1 - (-12 - 0) - 8
3
6 + -8 + 7 - (0 + -3)
8
Evaluate 1 - 4 - (-2 + -7 - -4).
2
Evaluate -7 + (-4 + 0 - -6) + 2.
-3
-3 + 0 - (16 + -21) - 4
-2
What is (4 - (9 + -4)) + 4?
3
Evaluate 5 + (1 - (-4 - -7)) - 6.
-3
Evaluate -28 - -28 - (-1 + -8 - -2).
7
Calculate -4 - (1 - -4 - 7).
-2
Calculate 1 + -1 + 0 + (-1 - 3).
-4
Evaluate (3 + -6 - -12) + -2.
7
Evaluate (8 - 0) + -11 + 1.
-2
Evaluate 0 - 11 - (-28 - -22).
-5
Calculate 2 + -5 + -1 + 2.
-2
Calculate (0 + (6 - 5) - -2) + -11.
-8
What is the value of 7 + (-3 - 1) - -1?
4
What is -8 + (8 - 6) + 6 + -3?
-3
-7 + 2 + -1 + (1 - 0)
-5
What is the value of 2 + 0 + -3 + 2 + -6?
-5
What is the value of (7 - (4 + 0)) + -1?
2
Evaluate (10 - 21) + 11 + (2 - -2).
4
Calculate 10 + -3 - (0 - 2 - -7).
2
What is the value of 0 + -5 + (2 - (-9 - -3))?
3
Evaluate 15 + -13 + (2 - 3).
1
(-1 - -4) + (7 - 6) - 3
1
Calculate -6 + 0 + (-39 - -48).
3
Evaluate -1 + -6 + 8 + 6 + -1.
6
What is -4 - (7 - 9) - (-3 + 6)?
-5
What is the value of -4 + 7 + 0 + 0?
3
What is 4 + (1 - -3 - (0 - -7))?
1
-5 - ((-2 - (0 - 3)) + -1)
-5
What is the value of 2 + ((-1 - -2) + -3 - 0)?
0
What is 0 + -6 + -19 + 23?
-2
Evaluate (3 - (1 - 1)) + 44 + -47.
0
What is the value of 2 - (10 - 11) - (2 + -2)?
3
Evaluate (-21 - -20) + (0 - 3).
-4
What is -3 - (0 + -1 - (-9 + 5))?
-6
Calculate -42 - -35 - (2 + -2).
-7
What is -3 + (2 - (-1 + 2))?
-2
Evaluate -1 - -1 - (-13 + 6 + 4).
3
Evaluate -2 + (5 - (11 + -3)).
-5
Calculate 8 + (3 - (8 - 5)) + -8.
0
What is (1 - 1) + 37 + -31?
6
1 + (1 - -1 - 0)
3
Calculate 3 + (4 - (0 - -7)).
0
What is the value of (9 - 5 - 12) + 4?
-4
(36 - 34) + 0 + 0
2
5 + (-9 - 2) + (-1 - -8)
1
What is the value of (-1 - 0) + (26 - 24) + -4?
-3
Evaluate -3 - (-2 + -1 + (-17 - -21)).
-4
-2 + -1 + (2 - 7) - -4
-4
Calculate -1 + -2 + -3 + 7 + -1.
0
Evaluate 4 - 1 - 5 - 0.
-2
What is the value of -5 + 3 - (-9 + (0 - -3))?
4
What is -6 - ((-7 + 1 - -2) + -12)?
10
What is 33 + -29 - (-3 - (4 - 6))?
5
2 + -3 - -2 - (169 - 165)
-3
-4 + (2 - -1) + -1 - -1
-1
Evaluate 10 + (-18 - -7) - (2 + 0).
-3
Calculate 4 + (-8 + 6 - 4).
-2
What is (10 - 11) + -4 - -8?
3
What is (-8 - -12) + 2 - 8?
-2
What is the value of 10 + -2 + (-2 - 9)?
-3
Calculate 3 - (1 + 1 + 2 + -5).
4
(-11 - -13) + -4 + 2 + 1
1